 are the prime factors of (48/t)/(1/(-54))?
2, 3
Let n be -1 + 2/(-3)*-6. Suppose -b + 131 = 2*u, 0 = b - 2*u - n*u - 124. What are the prime factors of b?
3, 43
Let p(x) = x + 21. Let c be p(-17). Suppose 408 = 8*v - c*v + 4*n, 3*v - 321 = 2*n. What are the prime factors of v?
3, 5, 7
Suppose 4*n = -2*s + 116, 3 = -5*s - 17. What are the prime factors of n?
31
Let m = 8 + -26. Let z = -13 - m. Suppose 5*d + 5*u = z - 0, 2*d = 2*u + 22. What are the prime factors of d?
2, 3
Let f be (8/(-28))/((-1)/7). Suppose 0 = -f*l - 0*l + 74. What are the prime factors of l/2*(0 - -2)?
37
Let i(d) = d**3 + 5*d**2 + 585. What are the prime factors of i(0)?
3, 5, 13
Suppose 100*f = 92*f + 11224. List the prime factors of f.
23, 61
Suppose l - 4 = 0, 4*l = w - 0*w + 14. Let b = 4 - -1. Suppose b*i - w*j = 86, 4*i - 23 = -5*j + 26. What are the prime factors of i?
2
Let n = -987 - -4311. What are the prime factors of n?
2, 3, 277
Suppose 3*s - 3*z + 15 = -0*s, -4*z - 20 = 0. Let x(r) = -2*r**2 - 22*r + 15. What are the prime factors of x(s)?
5, 7
Let i be 6 + (1 + -2 - 1). Suppose h = i*h - 132. What are the prime factors of 153/4 + (-11)/h?
2, 19
What are the prime factors of -9 + -367*(-3 + 1)?
5, 29
Let s(w) = 3*w**2 - 6*w + 22. Let t(j) = -13*j**2 + 25*j - 88. Let y(h) = 9*s(h) + 2*t(h). List the prime factors of y(7).
43
Let u be (1 - -2)*(4 + -3). Suppose -2*l - 58 = u*i - 292, -2*i = -5*l + 585. What are the prime factors of l?
3, 13
Let u be (14 - 1)*(0 + -1). Let h = 19 + u. Suppose -63 = -h*c + 2*c + 3*x, 84 = 5*c - 2*x. List the prime factors of c.
2, 3
Let v be 2/(-8) + (21/(-12) - -2). What are the prime factors of (-129)/(-1 - v)*(-2)/(-6)?
43
What are the prime factors of 310072/68 + 58/493?
2, 3, 5, 19
Let m be 30/4 - (-6)/(-12). Let k = m - 5. Suppose -58 = -3*d - w, d + d + k*w = 44. What are the prime factors of d?
2, 3
Suppose -2*z - 127 = 3*a, 5*z + 28 = 3*a + 141. Let r be a/(-5) - (-2)/(-10). Let s = r + 4. List the prime factors of s.
2, 3
Let s = 22 + -31. Let n = s - -7. List the prime factors of 48 + n*(4 - 2).
2, 11
Let p be (-3 + 0 - 1)*-1. Suppose 2*y - 244 = -2*y. Suppose 2*o + 5*d = y, p*d = o + 1 - 25. List the prime factors of o.
2, 7
Suppose -52*d + 2832 = -50*d. What are the prime factors of d?
2, 3, 59
Let p(x) = -13*x + 607 - 566 + 2*x**2 + 5*x. List the prime factors of p(9).
131
Suppose 3*k = -2*o + 480, 4*k = -o - 78 + 718. List the prime factors of k.
2, 5
Let x be (-9)/(-2)*(-22)/(-33). Suppose 2*j + 3 = -1, -5*y + 91 = -x*j. Suppose y = 2*k - 13. List the prime factors of k.
3, 5
Let v(s) = -3*s**2 + s. Let w be v(-2). List the prime factors of 214/6 + w/21.
5, 7
Let k(w) = -41*w + 2. Let a be k(4). Let u = -34 - a. Suppose -u - 72 = -4*p. What are the prime factors of p?
2, 5
List the prime factors of -1 - (-1 - 6 - 5813).
11, 23
Let b = -7 + -29. Let f = b + 38. What are the prime factors of f?
2
Let t(r) = r**2 - 7*r. Let w be t(7). Suppose w = 3*q + 6 + 3. What are the prime factors of 10/(-7)*q*7?
2, 3, 5
Let r(l) = 29*l + 1292. List the prime factors of r(37).
5, 11, 43
Let v = -904 - -1425. What are the prime factors of v?
521
Let b(u) = -2*u + 7. Let a(h) = -5*h + 15. Let c(y) = -3*a(y) + 7*b(y). Suppose -20 = -4*t + 4*v, v + 47 - 14 = 5*t. What are the prime factors of c(t)?
11
Suppose 13*r - 4*r = 9. What are the prime factors of 2/4*1/(r/178)?
89
Suppose -56 - 144 = -5*t. What are the prime factors of t?
2, 5
Suppose -l = 3*m - 276, -4*l + l + 4*m + 789 = 0. Suppose 0*i + i - l = -f, -5*i + 1355 = f. List the prime factors of i.
2, 17
Let n(i) = 37*i + 38. List the prime factors of n(15).
593
Suppose -10*i = -1005 - 4405. List the prime factors of i.
541
What are the prime factors of -7*(3118/28)/((-21)/84)?
2, 1559
Let c = 0 - 0. Let h = 3 - -87. Suppose c = 4*l - h - 54. What are the prime factors of l?
2, 3
Let c(r) = -8*r + 8. Let v(h) = 8*h - 7. Let o(l) = 3*c(l) + 4*v(l). Let b = 2 - -1. What are the prime factors of o(b)?
2, 5
Let t be 6/(-8) - 2140/(-16). List the prime factors of (-788)/(-14) + (-38)/t.
2, 7
Let h = 73 - 13. Suppose -2*t = 4*n - h, 2*t - 25 + 7 = -n. Suppose 2*z - 52 = n. What are the prime factors of z?
3, 11
What are the prime factors of (2930/(-40))/(((-6)/8)/3)?
293
Suppose 14*r - 15 = 9*r. Suppose -670 = -r*l - 4*m, l + 3*m = 6*l - 1107. List the prime factors of l.
2, 3, 37
Let o(g) = -g**2 - 43*g + 123. What are the prime factors of o(-39)?
3, 31
Let h be 8/28 + 9/(-7) + 0. What are the prime factors of (-6)/(-3) - h*13?
3, 5
Suppose 13 = 2*b + 7. Let f = b + -2. List the prime factors of 59 + -1 - (f + -3).
2, 3, 5
Let v(i) = -9*i**3 - i**2 - 5. List the prime factors of v(-4).
3, 5, 37
Let d = -733 - -737. Let o = 3 - 2. What are the prime factors of ((-51)/(-6))/(o/d)?
2, 17
Let x = -742 + 1991. What are the prime factors of x?
1249
Let o(z) be the second derivative of z**5/20 + 5*z**4/6 - 3*z**3/2 - 13*z**2/2 - 2*z. List the prime factors of o(-10).
7, 11
Suppose -6*d + 4*d - 82 = 0. Let a be 3/(-9) - d/(-3). What are the prime factors of (a/(-35))/(1/25)?
2, 5
Let v(j) be the second derivative of 7*j**3/3 - 12*j**2 + 5*j. List the prime factors of v(10).
2, 29
Let a(l) be the second derivative of 47*l**5/10 - l**4/12 - 20*l. List the prime factors of a(1).
3, 31
Let q = 707 - 368. List the prime factors of q.
3, 113
Let m(t) = 2*t**2 + 4*t + 3. Let n = -13 - -11. Let l be m(n). Suppose l*h - 77 = -8. What are the prime factors of h?
23
Let o(u) = u**3 + 24*u**2 + u + 49. List the prime factors of o(-13).
5, 379
Suppose 7*g - 2856 = -g. List the prime factors of g.
3, 7, 17
Suppose 2215 = 3*k + 2*m - 10, 3*m = 5*k - 3740. What are the prime factors of k?
5, 149
What are the prime factors of 4/(-12) + 6483/9?
2, 3, 5
Let z(n) = n**3 + 17*n**2 - 16. List the prime factors of z(-8).
2, 5, 7
Let s(u) = 2*u - 17. Let r(x) = -x**3 + 4*x**2 - 4*x. Let k be r(3). Let g be (k - -11)*(-2 + 4). List the prime factors of s(g).
3, 5
Suppose -5*u + 12770 = 5*v, 92*v - 2*u - 7647 = 89*v. List the prime factors of v.
2551
Suppose y - 3*g - 21 = 0, -2*y + 5*g + 75 = y. List the prime factors of 4/y + 823/15.
5, 11
Suppose 4*r = -2*d + 1 - 17, -2*d - 16 = -3*r. List the prime factors of -1*d/2 - -76.
2, 5
Suppose -6*o + 8 = -7*o. Let j be 18/8*o/(-3). List the prime factors of (5 + 4/(-2))*j.
2, 3
Let h = -117 - -62. Let p = h + 58. List the prime factors of p.
3
Suppose -93 + 8 = 5*p. Suppose 0*d + 24 = 3*d. Let t = d - p. What are the prime factors of t?
5
Let a = 72 + 96. What are the prime factors of a?
2, 3, 7
Suppose w + 108 = -17*w. List the prime factors of ((-2)/5 + 0)*2955/w.
197
Suppose 8 - 6 = z. Suppose d + 412 = 4*s + 3*d, 5*s - z*d - 524 = 0. What are the prime factors of s?
2, 13
Let z(x) be the second derivative of -x**5/20 + 265*x**2/2 - 46*x. What are the prime factors of z(0)?
5, 53
Suppose -r + q + 3*q + 209 = 0, 2*r - 454 = -q. Suppose 2*c - 119 = 3*g, -4*c + 53 + r = 2*g. List the prime factors of c.
67
Suppose -2*u - 7 = -13. List the prime factors of (u - -1) + 69 + (-36)/(-6).
79
Let m be 6/9 - 23/3. Let t = -3 - m. Suppose t*p = 19 + 33. List the prime factors of p.
13
Let a(m) = m**3 - 19*m**2 - 20*m + 24. Let c be a(20). Let h = -11 + c. What are the prime factors of h?
13
List the prime factors of -2*((-3)/(-6) - -2) + 610.
5, 11
Let o(c) = -c**2 + 4*c - 5. Let f be o(-6). Let y = f - -124. Suppose -j - 83 = -5*q + j, -5*q = 4*j - y. List the prime factors of q.
3, 5
Let m be (-1)/(9/(-6))*-30. Let r = m + 18. Let b = 11 - r. What are the prime factors of b?
13
Suppose -4*d - 30 = -258. Let r = 225 - d. List the prime factors of r.
2, 3, 7
Suppose -13 = 6*x + 101. Let j be 1 - 2*-14 - 0. Let u = j + x. What are the prime factors of u?
2, 5
Let j(w) = -w**3 + 5*w**2 + w - 19. Let k be j(4). Suppose 4*s = -n + k, 29 = n - 7*s + 4*s. List the prime factors of n.
17
Let p = 339 - 123. What are the prime factors of (p/(-10))/((-12)/80)?
2, 3
Let i(x) = -7*x**3 - 31*x**2 + 29*x + 20. Let g(p) = 3*p**3 + 15*p**2 - 15*p - 10. Let d(f) = -9*g(f) - 4*i(f). What are the prime factors of d(9)?
19
Suppose -139*w = -144*w + 3570. What are the prime factors of w?
2, 3, 7, 17
Let p = -5 - -362. What are the prime factors of p?
3, 7, 17
Let w(s) = -4*s**3 - 10*s**2 - 1